{"id":217,"date":"2019-01-14T14:56:33","date_gmt":"2019-01-14T13:56:33","guid":{"rendered":"http:\/\/weicamp.de\/cms\/?page_id=217"},"modified":"2023-04-07T08:10:37","modified_gmt":"2023-04-07T06:10:37","slug":"umfeld","status":"publish","type":"page","link":"https:\/\/www.weicamp.de\/cms\/umfeld\/","title":{"rendered":"Umfeld"},"content":{"rendered":"\n<figure class=\"wp-block-image\"><img loading=\"lazy\" decoding=\"async\" width=\"500\" height=\"435\" src=\"http:\/\/weicamp.de\/cms\/wp-content\/uploads\/2019\/01\/camper5.jpg\" alt=\"\" class=\"wp-image-233\" srcset=\"https:\/\/www.weicamp.de\/cms\/wp-content\/uploads\/2019\/01\/camper5.jpg 500w, https:\/\/www.weicamp.de\/cms\/wp-content\/uploads\/2019\/01\/camper5-300x261.jpg 300w\" sizes=\"auto, (max-width: 500px) 100vw, 500px\" \/><\/figure>\n\n\n\n<p><strong><em>Sehr geehrte Besucher der Mecklenburger\nSeenplatte<\/em><\/strong><strong><\/strong><\/p>\n\n\n\n<p>Mitten im Herzen der Mecklenburger Seenplatte, zwischen Malchow, Waren und R\u00f6bel, finden Sie Sietow-Dorf. Der kleine Ort mit zirka 120 Einwohnern liegt am nordwestlichen Ufer der M\u00fcritz,. Hier befindet sich in Ortsrandlage der kleine vertr\u00e4umte Campingplatz &#8222;Sietower Bucht&#8220;.<\/p>\n\n\n\n<figure class=\"wp-block-image\"><img loading=\"lazy\" decoding=\"async\" width=\"500\" height=\"375\" src=\"http:\/\/weicamp.de\/cms\/wp-content\/uploads\/2019\/01\/cp2.jpg\" alt=\"\" class=\"wp-image-228\" srcset=\"https:\/\/www.weicamp.de\/cms\/wp-content\/uploads\/2019\/01\/cp2.jpg 500w, https:\/\/www.weicamp.de\/cms\/wp-content\/uploads\/2019\/01\/cp2-300x225.jpg 300w, https:\/\/www.weicamp.de\/cms\/wp-content\/uploads\/2019\/01\/cp2-326x245.jpg 326w, https:\/\/www.weicamp.de\/cms\/wp-content\/uploads\/2019\/01\/cp2-80x60.jpg 80w\" sizes=\"auto, (max-width: 500px) 100vw, 500px\" \/><\/figure>\n\n\n\n<p>Wasser und Ruhe genie\u00dfen oder aktiv Mecklenburg entdecken? Hier sind Sie richtig! Die ruhige Dorflage und die gleichzeitige zentrale Position zwischen den St\u00e4dten Malchow, Waren und R\u00f6bel eignen sich f\u00fcr die Entspannung von K\u00f6rper und Seele ebenso, wie als Ausgangspunkt f\u00fcr Entdeckungstouren mit Fahrrad, eigenem Boot und PKW. <\/p>\n\n\n\n<figure class=\"wp-block-image\"><img loading=\"lazy\" decoding=\"async\" width=\"600\" height=\"286\" src=\"http:\/\/weicamp.de\/cms\/wp-content\/uploads\/2019\/01\/Hafen10.jpg\" alt=\"\" class=\"wp-image-232\" srcset=\"https:\/\/www.weicamp.de\/cms\/wp-content\/uploads\/2019\/01\/Hafen10.jpg 600w, https:\/\/www.weicamp.de\/cms\/wp-content\/uploads\/2019\/01\/Hafen10-300x143.jpg 300w\" sizes=\"auto, (max-width: 600px) 100vw, 600px\" \/><\/figure>\n\n\n\n<p>Die weite Landschaft, die klare\nLuft, die sauberen Seen und die idyllischen Kleinst\u00e4dte &#8211; einfach Abstand zum\nAlltag gewinnen und ein paar erholsame Urlaubstage verbringen.<\/p>\n\n\n\n<p>F\u00fcr Naturliebhaber sind die\nruhige Vor- und Nachsaison besonders empfehlenswert. Hier sammeln sich Kraniche\nund Graug\u00e4nse. Dann k\u00f6nnen sie den Vogelzug der Kraniche und Graug\u00e4nse\nbeobachten. Ein H\u00f6hepunkt des Fr\u00fchlingserwachens ist die Zeit der Rapsbl\u00fcte. <\/p>\n\n\n\n<figure class=\"wp-block-image\"><img loading=\"lazy\" decoding=\"async\" width=\"443\" height=\"521\" src=\"http:\/\/weicamp.de\/cms\/wp-content\/uploads\/2019\/01\/Rad011.jpg\" alt=\"\" class=\"wp-image-234\" srcset=\"https:\/\/www.weicamp.de\/cms\/wp-content\/uploads\/2019\/01\/Rad011.jpg 443w, https:\/\/www.weicamp.de\/cms\/wp-content\/uploads\/2019\/01\/Rad011-255x300.jpg 255w\" sizes=\"auto, (max-width: 443px) 100vw, 443px\" \/><\/figure>\n\n\n\n<p>Direkt am Campingplatz f\u00fchrt der M\u00fcritzrundweg vorbei. Nur wenige Schritte sind es bis zur M\u00fcritz. Mit einer Fl\u00e4che von 117 Quadratkilometer ist die M\u00fcritz der gr\u00f6\u00dfte &#8211; nur zu Deutschland geh\u00f6rige &#8211; Binnensee Deutschlands. Bis zur \u00f6ffentlichen Badestelle mit Kinderspielplatz sind es gerade einmal 50 Meter und bis zur Hafenanlage mit Bootsliegepl\u00e4tzen 400 Meter. F\u00fcr kulinarische Gaumenfreuden sorgen im Umkreis von 500 Metern die Fischerh\u00fctte und der Radstopp.  <\/p>\n\n\n\n<p><strong><em> Mecklenburg erkunden<\/em><\/strong><\/p>\n\n\n\n<p>Neben den unten aufgef\u00fchrten\nAusflugszielen bietet die Mecklenburger Seenplatte von Pfingsten bis Anfang\nSeptember eine F\u00fclle von Veranstaltungen f\u00fcr die ganze Familie.<\/p>\n\n\n\n<figure class=\"wp-block-image\"><img loading=\"lazy\" decoding=\"async\" width=\"600\" height=\"285\" src=\"http:\/\/weicamp.de\/cms\/wp-content\/uploads\/2019\/01\/Strand27.jpg\" alt=\"\" class=\"wp-image-235\" srcset=\"https:\/\/www.weicamp.de\/cms\/wp-content\/uploads\/2019\/01\/Strand27.jpg 600w, https:\/\/www.weicamp.de\/cms\/wp-content\/uploads\/2019\/01\/Strand27-300x143.jpg 300w\" sizes=\"auto, (max-width: 600px) 100vw, 600px\" \/><\/figure>\n\n\n\n<p>Angefangen bei den Pfingst- und Themenm\u00e4rkten der Bollewicker Scheune und der M\u00fcritz-Sail in Waren, erwarten Sie im Juni die R\u00f6beler Fischtage, im Agroneum Alt Schwerin der Kaltbluttag (Pferdeveranstaltung) und das Speckreiten bei R\u00f6bel, im Juli das Malchower Volksfest, das M\u00fcritzfest in Waren, das Seefest R\u00f6bel und am letzten Juliwochenende das Hafenfest bei uns in Sietow-Dorf. Das Agroneum Alt Schwerin wartet dann im August mit dem Dampftreffen und dem Traktortreffen auf.&nbsp;Um nur einige zu nennen.<\/p>\n\n\n\n<figure class=\"wp-block-image\"><img loading=\"lazy\" decoding=\"async\" width=\"500\" height=\"378\" src=\"http:\/\/weicamp.de\/cms\/wp-content\/uploads\/2019\/01\/Baer.jpg\" alt=\"\" class=\"wp-image-237\" srcset=\"https:\/\/www.weicamp.de\/cms\/wp-content\/uploads\/2019\/01\/Baer.jpg 500w, https:\/\/www.weicamp.de\/cms\/wp-content\/uploads\/2019\/01\/Baer-300x227.jpg 300w, https:\/\/www.weicamp.de\/cms\/wp-content\/uploads\/2019\/01\/Baer-326x245.jpg 326w, https:\/\/www.weicamp.de\/cms\/wp-content\/uploads\/2019\/01\/Baer-80x60.jpg 80w\" sizes=\"auto, (max-width: 500px) 100vw, 500px\" \/><\/figure>\n\n\n\n<p>*&nbsp;&nbsp;&nbsp; M\u00fcritzeum\nWaren mit S\u00fc\u00dfwasseraquarium<\/p>\n\n\n\n<p>*&nbsp;&nbsp;&nbsp; Stadthafen\nWaren<\/p>\n\n\n\n<p>*&nbsp;&nbsp;&nbsp;\nAusflugsschifffahrt auf der M\u00fcritz und den anderen Oberseen<\/p>\n\n\n\n<p>*&nbsp;&nbsp;&nbsp; Wisentgehege\nDamerower Werder<\/p>\n\n\n\n<p>*&nbsp;&nbsp;&nbsp; Inselstadt\nMalchow mit Orgelmuseum und DDR-Museum<\/p>\n\n\n\n<p>*&nbsp;&nbsp;&nbsp; Agroneum Alt\nSchwerin <\/p>\n\n\n\n<p>*&nbsp;&nbsp;&nbsp; Schauimkerei\nin Quetzin\/ Leisten<\/p>\n\n\n\n<p>*&nbsp;&nbsp;&nbsp;\nSommerrodelbahn mit Affenwald bei Malchow<\/p>\n\n\n\n<p>*&nbsp;&nbsp;&nbsp; Regionalschau\nin der Feldsteinscheune Bollewick<\/p>\n\n\n\n<p>*&nbsp;&nbsp;&nbsp; Labyrinth-Mix\nin Bollewick<\/p>\n\n\n\n<p>*\u00a0\u00a0\u00a0 B\u00e4renwald M\u00fcritz in Stuer am Plauer Seen<\/p>\n\n\n\n<p>*&nbsp;&nbsp;&nbsp;\nSchliemann-Museum Ankershagen<\/p>\n\n\n\n<p>*&nbsp;&nbsp;&nbsp; Alte Burg mit\nHexenkeller in Penzlin<\/p>\n\n\n\n<p>*&nbsp;&nbsp;&nbsp; Ivenacker\n1000-j\u00e4hrige Eichen mit Damwildgarten<\/p>\n\n\n\n<p>*&nbsp;&nbsp;&nbsp;\nVier-Tore-Stadt Neubrandenburg<\/p>\n\n\n\n<p>*&nbsp;&nbsp;&nbsp; Barlach-Stadt\nG\u00fcstrow<\/p>\n\n\n\n<p>*&nbsp;&nbsp;&nbsp; Wildpark MV\nG\u00fcstrow <\/p>\n\n\n\n<p>&nbsp;&nbsp;&nbsp;&nbsp; und\nvieles mehr<\/p>\n\n\n\n<figure class=\"wp-block-image\"><img loading=\"lazy\" decoding=\"async\" width=\"500\" height=\"278\" src=\"http:\/\/weicamp.de\/cms\/wp-content\/uploads\/2019\/01\/cp4.jpg\" alt=\"\" class=\"wp-image-238\" srcset=\"https:\/\/www.weicamp.de\/cms\/wp-content\/uploads\/2019\/01\/cp4.jpg 500w, https:\/\/www.weicamp.de\/cms\/wp-content\/uploads\/2019\/01\/cp4-300x167.jpg 300w\" sizes=\"auto, (max-width: 500px) 100vw, 500px\" \/><\/figure>\n\n\n\n<p><strong><em>Aktiv den Urlaub genie\u00dfen <\/em><\/strong><strong><\/strong><\/p>\n\n\n\n<p>Die Mecklenburger Seenplatte ist\ndas gr\u00f6\u00dfte zusammenh\u00e4ngende Seengebiet Deutschlands. Die mehr als 1000 kleinen\nund gro\u00dfen Seen sind zumeist mit Fl\u00fcssen und Kan\u00e4len miteinander verbunden und\nbilden damit ein einzigartiges Wassersportrevier. <\/p>\n\n\n\n<p>F\u00fcr fast jede Wassersportart findet sich hier ein Pl\u00e4tzchen: Angeln vom Boot, Baden, Kanuwandern, Segeln, Surfen, Wasserskifahren, Motorbootfahren, Tauchen, &#8230; .<\/p>\n\n\n\n<p>Aber auch gerade f\u00fcr Radler,\nReiter und Wanderer ist die sanft gewellte Region ein ideales Urlaubsziel,\nimmer mitten in der Natur.<\/p>\n\n\n\n<p>Zus\u00e4tzlich stehen Golf- und\nTennispl\u00e4tze, Bowlingcenter und Kegelbahnen, Erlebnisb\u00e4der und vieles mehr f\u00fcr\ndie aktive Erholung zur Verf\u00fcgung.<\/p>\n\n\n\n<figure class=\"wp-block-image\"><img loading=\"lazy\" decoding=\"async\" width=\"500\" height=\"669\" src=\"http:\/\/weicamp.de\/cms\/wp-content\/uploads\/2019\/01\/Reiter.jpg\" alt=\"\" class=\"wp-image-241\" srcset=\"https:\/\/www.weicamp.de\/cms\/wp-content\/uploads\/2019\/01\/Reiter.jpg 500w, https:\/\/www.weicamp.de\/cms\/wp-content\/uploads\/2019\/01\/Reiter-224x300.jpg 224w\" sizes=\"auto, (max-width: 500px) 100vw, 500px\" \/><\/figure>\n\n\n\n<figure class=\"wp-block-table\"><table><tbody><tr><td>*&nbsp;&nbsp;&nbsp; Radfahren in der ganzen Region   <br>*&nbsp;&nbsp;&nbsp; Wassersport aller Art in der M\u00fcritzregion   <br>*&nbsp;&nbsp;&nbsp; Wandern und Radwandern im M\u00fcritznationalpark   <br>*&nbsp;&nbsp;&nbsp; Wandern und Radfahren im Naturpark Nossentiner Schwinzer Heide   <br>*&nbsp;&nbsp;&nbsp; Sommerrodelbahn bei Malchow   <br>*&nbsp;&nbsp;&nbsp; Golf und Country Club Fleesensee   <br>*&nbsp;&nbsp;&nbsp; Wellness im Aquafun-Fleesensee<br>*&nbsp;&nbsp;&nbsp; Kegeln und Bowling in Gotthun   <br>*&nbsp;&nbsp;&nbsp; Reitanlage Malchow      <br>*&nbsp;&nbsp;&nbsp; Erlebnisb\u00e4der M\u00fcritztherme R\u00f6bel und Oase G\u00fcstrow   <br>*&nbsp;&nbsp;&nbsp; gef\u00fchrte Kanutouren mit TOKON-Sports ab Zielow   <br>*&nbsp;&nbsp;&nbsp; Fahrraddraisine fahren in Waren und Karow   <br>*&nbsp;&nbsp;&nbsp; Tennis und Kegeln im Sporthotel Malchow   <br>*&nbsp;&nbsp;&nbsp; Rundfl\u00fcge \u00fcber die Region von Vielist   &nbsp;&nbsp;&nbsp;&nbsp;&nbsp;  <br>  und vieles mehr   <\/td><\/tr><\/tbody><\/table><\/figure>\n","protected":false},"excerpt":{"rendered":"<div class=\"mh-excerpt\"><p>Sehr geehrte Besucher der Mecklenburger Seenplatte Mitten im Herzen der Mecklenburger Seenplatte, zwischen Malchow, Waren und R\u00f6bel, finden Sie Sietow-Dorf. Der kleine Ort mit zirka <a class=\"mh-excerpt-more\" href=\"https:\/\/www.weicamp.de\/cms\/umfeld\/\" title=\"Umfeld\">[&#8230;]<\/a><\/p>\n<\/div>","protected":false},"author":1,"featured_media":0,"parent":0,"menu_order":0,"comment_status":"closed","ping_status":"closed","template":"","meta":{"footnotes":""},"class_list":["post-217","page","type-page","status-publish","hentry"],"_links":{"self":[{"href":"https:\/\/www.weicamp.de\/cms\/wp-json\/wp\/v2\/pages\/217","targetHints":{"allow":["GET"]}}],"collection":[{"href":"https:\/\/www.weicamp.de\/cms\/wp-json\/wp\/v2\/pages"}],"about":[{"href":"https:\/\/www.weicamp.de\/cms\/wp-json\/wp\/v2\/types\/page"}],"author":[{"embeddable":true,"href":"https:\/\/www.weicamp.de\/cms\/wp-json\/wp\/v2\/users\/1"}],"replies":[{"embeddable":true,"href":"https:\/\/www.weicamp.de\/cms\/wp-json\/wp\/v2\/comments?post=217"}],"version-history":[{"count":10,"href":"https:\/\/www.weicamp.de\/cms\/wp-json\/wp\/v2\/pages\/217\/revisions"}],"predecessor-version":[{"id":598,"href":"https:\/\/www.weicamp.de\/cms\/wp-json\/wp\/v2\/pages\/217\/revisions\/598"}],"wp:attachment":[{"href":"https:\/\/www.weicamp.de\/cms\/wp-json\/wp\/v2\/media?parent=217"}],"curies":[{"name":"wp","href":"https:\/\/api.w.org\/{rel}","templated":true}]}}