{"id":199,"date":"2019-01-14T14:27:25","date_gmt":"2019-01-14T13:27:25","guid":{"rendered":"http:\/\/weicamp.de\/cms\/?page_id=199"},"modified":"2026-04-06T12:18:41","modified_gmt":"2026-04-06T10:18:41","slug":"unser-platz","status":"publish","type":"page","link":"https:\/\/www.weicamp.de\/cms\/unser-platz\/","title":{"rendered":"Unser Platz"},"content":{"rendered":"\n<p><strong><em>Hier ist Camping noch Camping<\/em><\/strong><\/p>\n\n\n\n<p>Unser Campingplatz ist ein kleiner Campingplatz mit zur Zeit 23 Touristenpl\u00e4tzen und 27 Dauerpl\u00e4tzen. Die Ausstattung ist funktional und Animation bieten wir nicht an. Bei uns ist Camping noch Camping. In der Hauptsaison gibt es einen kleinen Verkauf f\u00fcr Getr\u00e4nke, Eis und vorbestellte Br\u00f6tchen. Gastronomie ist im Umfeld von ca. 500 Metern vorhanden.<\/p>\n\n\n\n<p>Im Bereich der Anmeldung ist kostenloses WLAN verf\u00fcgbar. <\/p>\n\n\n\n<p><strong><em>Platzplan<\/em><\/strong><br><\/p>\n\n\n\n<figure class=\"wp-block-image size-large\"><img loading=\"lazy\" decoding=\"async\" width=\"1024\" height=\"1024\" src=\"https:\/\/www.weicamp.de\/cms\/wp-content\/uploads\/2026\/04\/Platzplan2026.jpg-1-1024x1024.png\" alt=\"\" class=\"wp-image-701\" srcset=\"https:\/\/www.weicamp.de\/cms\/wp-content\/uploads\/2026\/04\/Platzplan2026.jpg-1-1024x1024.png 1024w, https:\/\/www.weicamp.de\/cms\/wp-content\/uploads\/2026\/04\/Platzplan2026.jpg-1-300x300.png 300w, https:\/\/www.weicamp.de\/cms\/wp-content\/uploads\/2026\/04\/Platzplan2026.jpg-1-150x150.png 150w, https:\/\/www.weicamp.de\/cms\/wp-content\/uploads\/2026\/04\/Platzplan2026.jpg-1-768x768.png 768w, https:\/\/www.weicamp.de\/cms\/wp-content\/uploads\/2026\/04\/Platzplan2026.jpg-1-1536x1536.png 1536w, https:\/\/www.weicamp.de\/cms\/wp-content\/uploads\/2026\/04\/Platzplan2026.jpg-1-2048x2048.png 2048w\" sizes=\"auto, (max-width: 1024px) 100vw, 1024px\" \/><\/figure>\n\n\n\n<p><strong><em>Ausstattung<\/em><\/strong><\/p>\n\n\n\n<figure class=\"wp-block-image\"><img loading=\"lazy\" decoding=\"async\" width=\"605\" height=\"441\" src=\"http:\/\/weicamp.de\/cms\/wp-content\/uploads\/2019\/01\/Pic20.jpg\" alt=\"\" class=\"wp-image-210\" srcset=\"https:\/\/www.weicamp.de\/cms\/wp-content\/uploads\/2019\/01\/Pic20.jpg 605w, https:\/\/www.weicamp.de\/cms\/wp-content\/uploads\/2019\/01\/Pic20-300x219.jpg 300w\" sizes=\"auto, (max-width: 605px) 100vw, 605px\" \/><\/figure>\n\n\n\n<p class=\"has-vivid-red-color has-text-color\"><strong>Der&nbsp;CEE&nbsp;Stromanschlu\u00df&nbsp;ist&nbsp;nicht&nbsp;f\u00fcr&nbsp;das&nbsp;Aufladen&nbsp;von&nbsp;E-&nbsp;und&nbsp;Hybrid-fahrzeugen&nbsp;konzipiert&nbsp;und&nbsp;damit auch nicht geeignet.<\/strong><\/p>\n\n\n\n<figure class=\"wp-block-image\"><img loading=\"lazy\" decoding=\"async\" width=\"600\" height=\"800\" src=\"http:\/\/weicamp.de\/cms\/wp-content\/uploads\/2019\/01\/Abwaschraum.jpg\" alt=\"\" class=\"wp-image-219\" srcset=\"https:\/\/www.weicamp.de\/cms\/wp-content\/uploads\/2019\/01\/Abwaschraum.jpg 600w, https:\/\/www.weicamp.de\/cms\/wp-content\/uploads\/2019\/01\/Abwaschraum-225x300.jpg 225w\" sizes=\"auto, (max-width: 600px) 100vw, 600px\" \/><\/figure>\n\n\n\n<figure class=\"wp-block-image\"><img loading=\"lazy\" decoding=\"async\" width=\"600\" height=\"800\" src=\"http:\/\/weicamp.de\/cms\/wp-content\/uploads\/2019\/01\/Waschraum-Dusche.jpg\" alt=\"\" class=\"wp-image-220\" srcset=\"https:\/\/www.weicamp.de\/cms\/wp-content\/uploads\/2019\/01\/Waschraum-Dusche.jpg 600w, https:\/\/www.weicamp.de\/cms\/wp-content\/uploads\/2019\/01\/Waschraum-Dusche-225x300.jpg 225w\" sizes=\"auto, (max-width: 600px) 100vw, 600px\" \/><\/figure>\n\n\n\n<figure class=\"wp-block-image\"><img loading=\"lazy\" decoding=\"async\" width=\"600\" height=\"800\" src=\"http:\/\/weicamp.de\/cms\/wp-content\/uploads\/2019\/01\/Dusche-Waschraum1.jpg\" alt=\"\" class=\"wp-image-221\" srcset=\"https:\/\/www.weicamp.de\/cms\/wp-content\/uploads\/2019\/01\/Dusche-Waschraum1.jpg 600w, https:\/\/www.weicamp.de\/cms\/wp-content\/uploads\/2019\/01\/Dusche-Waschraum1-225x300.jpg 225w\" sizes=\"auto, (max-width: 600px) 100vw, 600px\" \/><\/figure>\n\n\n\n<figure class=\"wp-block-image\"><img loading=\"lazy\" decoding=\"async\" width=\"600\" height=\"800\" src=\"http:\/\/weicamp.de\/cms\/wp-content\/uploads\/2019\/01\/WC.jpg\" alt=\"\" class=\"wp-image-222\" srcset=\"https:\/\/www.weicamp.de\/cms\/wp-content\/uploads\/2019\/01\/WC.jpg 600w, https:\/\/www.weicamp.de\/cms\/wp-content\/uploads\/2019\/01\/WC-225x300.jpg 225w\" sizes=\"auto, (max-width: 600px) 100vw, 600px\" \/><\/figure>\n","protected":false},"excerpt":{"rendered":"<div class=\"mh-excerpt\"><p>Hier ist Camping noch Camping Unser Campingplatz ist ein kleiner Campingplatz mit zur Zeit 23 Touristenpl\u00e4tzen und 27 Dauerpl\u00e4tzen. Die Ausstattung ist funktional und Animation <a class=\"mh-excerpt-more\" href=\"https:\/\/www.weicamp.de\/cms\/unser-platz\/\" title=\"Unser Platz\">[&#8230;]<\/a><\/p>\n<\/div>","protected":false},"author":1,"featured_media":0,"parent":0,"menu_order":0,"comment_status":"closed","ping_status":"closed","template":"","meta":{"footnotes":""},"class_list":["post-199","page","type-page","status-publish","hentry"],"_links":{"self":[{"href":"https:\/\/www.weicamp.de\/cms\/wp-json\/wp\/v2\/pages\/199","targetHints":{"allow":["GET"]}}],"collection":[{"href":"https:\/\/www.weicamp.de\/cms\/wp-json\/wp\/v2\/pages"}],"about":[{"href":"https:\/\/www.weicamp.de\/cms\/wp-json\/wp\/v2\/types\/page"}],"author":[{"embeddable":true,"href":"https:\/\/www.weicamp.de\/cms\/wp-json\/wp\/v2\/users\/1"}],"replies":[{"embeddable":true,"href":"https:\/\/www.weicamp.de\/cms\/wp-json\/wp\/v2\/comments?post=199"}],"version-history":[{"count":22,"href":"https:\/\/www.weicamp.de\/cms\/wp-json\/wp\/v2\/pages\/199\/revisions"}],"predecessor-version":[{"id":703,"href":"https:\/\/www.weicamp.de\/cms\/wp-json\/wp\/v2\/pages\/199\/revisions\/703"}],"wp:attachment":[{"href":"https:\/\/www.weicamp.de\/cms\/wp-json\/wp\/v2\/media?parent=199"}],"curies":[{"name":"wp","href":"https:\/\/api.w.org\/{rel}","templated":true}]}}

<p><strong><em>Hier ist Camping noch Camping</em></strong></p>



<p>Unser Campingplatz ist ein kleiner Campingplatz mit zur Zeit 23 Touristenplätzen und 27 Dauerplätzen. Die Ausstattung ist funktional und Animation bieten wir nicht an. Bei uns ist Camping noch Camping. In der Hauptsaison gibt es einen kleinen Verkauf für Getränke, Eis und vorbestellte Brötchen. Gastronomie ist im Umfeld von ca. 500 Metern vorhanden.</p>



<p>Im Bereich der Anmeldung ist kostenloses WLAN verfügbar. </p>



<p><strong><em>Platzplan</em></strong><br></p>



<figure class="wp-block-image size-large"><img loading="lazy" decoding="async" width="1024" height="1024" src="https://www.weicamp.de/cms/wp-content/uploads/2026/04/Platzplan2026.jpg-1-1024x1024.png" alt="" class="wp-image-701" srcset="https://www.weicamp.de/cms/wp-content/uploads/2026/04/Platzplan2026.jpg-1-1024x1024.png 1024w, https://www.weicamp.de/cms/wp-content/uploads/2026/04/Platzplan2026.jpg-1-300x300.png 300w, https://www.weicamp.de/cms/wp-content/uploads/2026/04/Platzplan2026.jpg-1-150x150.png 150w, https://www.weicamp.de/cms/wp-content/uploads/2026/04/Platzplan2026.jpg-1-768x768.png 768w, https://www.weicamp.de/cms/wp-content/uploads/2026/04/Platzplan2026.jpg-1-1536x1536.png 1536w, https://www.weicamp.de/cms/wp-content/uploads/2026/04/Platzplan2026.jpg-1-2048x2048.png 2048w" sizes="auto, (max-width: 1024px) 100vw, 1024px" /></figure>



<p><strong><em>Ausstattung</em></strong></p>



<figure class="wp-block-image"><img loading="lazy" decoding="async" width="605" height="441" src="http://weicamp.de/cms/wp-content/uploads/2019/01/Pic20.jpg" alt="" class="wp-image-210" srcset="https://www.weicamp.de/cms/wp-content/uploads/2019/01/Pic20.jpg 605w, https://www.weicamp.de/cms/wp-content/uploads/2019/01/Pic20-300x219.jpg 300w" sizes="auto, (max-width: 605px) 100vw, 605px" /></figure>



<p class="has-vivid-red-color has-text-color"><strong>Der&nbsp;CEE&nbsp;Stromanschluß&nbsp;ist&nbsp;nicht&nbsp;für&nbsp;das&nbsp;Aufladen&nbsp;von&nbsp;E-&nbsp;und&nbsp;Hybrid-fahrzeugen&nbsp;konzipiert&nbsp;und&nbsp;damit auch nicht geeignet.</strong></p>



<figure class="wp-block-image"><img loading="lazy" decoding="async" width="600" height="800" src="http://weicamp.de/cms/wp-content/uploads/2019/01/Abwaschraum.jpg" alt="" class="wp-image-219" srcset="https://www.weicamp.de/cms/wp-content/uploads/2019/01/Abwaschraum.jpg 600w, https://www.weicamp.de/cms/wp-content/uploads/2019/01/Abwaschraum-225x300.jpg 225w" sizes="auto, (max-width: 600px) 100vw, 600px" /></figure>



<figure class="wp-block-image"><img loading="lazy" decoding="async" width="600" height="800" src="http://weicamp.de/cms/wp-content/uploads/2019/01/Waschraum-Dusche.jpg" alt="" class="wp-image-220" srcset="https://www.weicamp.de/cms/wp-content/uploads/2019/01/Waschraum-Dusche.jpg 600w, https://www.weicamp.de/cms/wp-content/uploads/2019/01/Waschraum-Dusche-225x300.jpg 225w" sizes="auto, (max-width: 600px) 100vw, 600px" /></figure>



<figure class="wp-block-image"><img loading="lazy" decoding="async" width="600" height="800" src="http://weicamp.de/cms/wp-content/uploads/2019/01/Dusche-Waschraum1.jpg" alt="" class="wp-image-221" srcset="https://www.weicamp.de/cms/wp-content/uploads/2019/01/Dusche-Waschraum1.jpg 600w, https://www.weicamp.de/cms/wp-content/uploads/2019/01/Dusche-Waschraum1-225x300.jpg 225w" sizes="auto, (max-width: 600px) 100vw, 600px" /></figure>



<figure class="wp-block-image"><img loading="lazy" decoding="async" width="600" height="800" src="http://weicamp.de/cms/wp-content/uploads/2019/01/WC.jpg" alt="" class="wp-image-222" srcset="https://www.weicamp.de/cms/wp-content/uploads/2019/01/WC.jpg 600w, https://www.weicamp.de/cms/wp-content/uploads/2019/01/WC-225x300.jpg 225w" sizes="auto, (max-width: 600px) 100vw, 600px" /></figure>

<div class="mh-excerpt"><p>Hier ist Camping noch Camping Unser Campingplatz ist ein kleiner Campingplatz mit zur Zeit 23 Touristenplätzen und 27 Dauerplätzen. Die Ausstattung ist funktional und Animation <a class="mh-excerpt-more" href="https://www.weicamp.de/cms/unser-platz/" title="Unser Platz">[&#8230;]</a></p>
</div>
